 1200917 is divided by 2415.
662
What is the remainder when 4659137 is divided by 90?
17
Calculate the remainder when 3891741 is divided by 1336.
1309
What is the remainder when 5735609 is divided by 2497?
0
What is the remainder when 5400804 is divided by 1800266?
6
Calculate the remainder when 1848073 is divided by 11000.
73
Calculate the remainder when 5014 is divided by 3025.
1989
What is the remainder when 27999777 is divided by 27999756?
21
What is the remainder when 8728539 is divided by 20?
19
What is the remainder when 309028 is divided by 154501?
26
Calculate the remainder when 5618857 is divided by 115.
72
What is the remainder when 1090652 is divided by 3966?
2
What is the remainder when 412119 is divided by 2060?
119
Calculate the remainder when 2394464 is divided by 104092.
348
What is the remainder when 102459 is divided by 2233?
1974
What is the remainder when 540489 is divided by 876?
873
Calculate the remainder when 123282233 is divided by 422.
419
What is the remainder when 9259823 is divided by 138206?
21
Calculate the remainder when 217645 is divided by 11455.
0
Calculate the remainder when 557531 is divided by 20.
11
Calculate the remainder when 3219716 is divided by 1843.
1838
Calculate the remainder when 131587 is divided by 128.
3
Calculate the remainder when 5754780 is divided by 1918256.
12
Calculate the remainder when 542830 is divided by 2034.
1786
Calculate the remainder when 1407439 is divided by 78190.
19
Calculate the remainder when 75143 is divided by 1595.
178
What is the remainder when 121548 is divided by 10128?
12
What is the remainder when 2937092 is divided by 734264?
36
What is the remainder when 4102626 is divided by 52596?
138
Calculate the remainder when 3364339 is divided by 1121291.
466
What is the remainder when 42258807 is divided by 656?
599
What is the remainder when 1910330 is divided by 190983?
500
What is the remainder when 6569227 is divided by 108?
19
What is the remainder when 509887 is divided by 22298?
19331
Calculate the remainder when 35253 is divided by 34403.
850
What is the remainder when 2060981 is divided by 878?
315
Calculate the remainder when 396079 is divided by 865.
774
What is the remainder when 6159913 is divided by 19?
18
What is the remainder when 708076 is divided by 1570?
6
What is the remainder when 29978704 is divided by 611?
600
Calculate the remainder when 1908779 is divided by 14.
5
What is the remainder when 20426392 is divided by 62?
58
Calculate the remainder when 4782571 is divided by 4782491.
80
Calculate the remainder when 141676 is divided by 141308.
368
What is the remainder when 7461013 is divided by 557?
555
What is the remainder when 7441867 is divided by 189?
181
Calculate the remainder when 10044 is divided by 1291.
1007
What is the remainder when 23992644 is divided by 2511?
39
What is the remainder when 128824 is divided by 583?
564
Calculate the remainder when 3255844 is divided by 2.
0
Calculate the remainder when 525679 is divided by 1306.
667
What is the remainder when 60932 is divided by 516?
44
What is the remainder when 13584372 is divided by 63?
60
What is the remainder when 2551827 is divided by 5907?
3
Calculate the remainder when 74224 is divided by 855.
694
What is the remainder when 283540 is divided by 512?
404
What is the remainder when 36653 is divided by 9509?
8126
What is the remainder when 181239832 is divided by 3809?
3803
Calculate the remainder when 47526874 is divided by 616.
10
Calculate the remainder when 114617 is divided by 57286.
45
What is the remainder when 61893 is divided by 3639?
30
Calculate the remainder when 4604494 is divided by 495.
4
What is the remainder when 2948639 is divided by 665?
29
Calculate the remainder when 550225 is divided by 34382.
113
Calculate the remainder when 124894 is divided by 88.
22
What is the remainder when 912115 is divided by 350?
15
Calculate the remainder when 1485914 is divided by 808.
2
What is the remainder when 21232877 is divided by 102?
47
What is the remainder when 4026 is divided by 43?
27
What is the remainder when 4993862 is divided by 21?
20
Calculate the remainder when 15818968 is divided by 7909484.
0
Calculate the remainder when 709559 is divided by 27.
26
What is the remainder when 271192 is divided by 45190?
52
Calculate the remainder when 202729095 is divided by 7202.
7199
What is the remainder when 7595096 is divided by 38?
36
What is the remainder when 454883 is divided by 4243?
882
What is the remainder when 529870 is divided by 75628?
474
What is the remainder when 95984 is divided by 403?
70
Calculate the remainder when 278270 is divided by 19.
15
What is the remainder when 225548917 is divided by 106?
103
What is the remainder when 580330 is divided by 5529?
5314
Calculate the remainder when 8711270 is divided by 2903751.
17
What is the remainder when 536174 is divided by 2004?
1106
Calculate the remainder when 372190 is divided by 12834.
4
What is the remainder when 4166248 is divided by 2083114?
20
Calculate the remainder when 102729 is divided by 168.
81
What is the remainder when 9278487 is divided by 421747?
53
What is the remainder when 1147441 is divided by 157?
85
Calculate the remainder when 6277 is divided by 1468.
405
What is the remainder when 2180822 is divided by 545139?
266
What is the remainder when 2427246 is divided by 30?
6
Calculate the remainder when 39611258 is divided by 130.
128
What is the remainder when 49653 is divided by 8238?
225
Calculate the remainder when 77721941 is divided by 495.
11
Calculate the remainder when 1913018 is divided by 4186.
16
Calculate the remainder when 181202528 is divided by 114.
98
What is the remainder when 94163253 is divided by 19?
13
What is the remainder when 39769770 is divided by 1208?
1202
What is the remainder when 27255 is divided by 4314?
1371
Calculate the remainder when 104860999 is divided by 34953663.
10
Calculate the remainder when 124149476 is divided by 60.
56
Calculate the remainder when 51903 is divided by 3226.
287
What is the remainder when 158064 is divided by 156281?
1783
Calculate the remainder when 101824 is divided by 291.
265
Calculate the remainder when 115420092 is divided by 805.
802
Calculate the remainder when 5567903 is divided by 2783939.
25
What is the remainder when 32839 is divided by 31313?
1526
What is the remainder when 1467326 is divided by 50?
26
What is the remainder when 12429 is divided by 1535?
149
Calculate the remainder when 59487 is divided by 614.
543
What is the remainder when 431910 is divided by 4644?
18
Calculate the remainder when 90539 is divided by 18079.
144
What is the remainder when 32594137 is divided by 851?
837
What is the remainder when 2468636 is divided by 123431?
16
Calculate the remainder when 8694371 is divided by 1774.
1771
Calculate the remainder when 490644 is divided by 1668.
252
What is the remainder when 25099416 is divided by 836647?
6
What is the remainder when 684279 is divided by 683774?
505
Calculate the remainder when 2552576 is divided by 2552313.
263
Calculate the remainder when 53699 is divided by 111.
86
What is the remainder when 270105 is divided by 6940?
6385
What is the remainder when 264750 is divided by 129?
42
Calculate the remainder when 29266648 is divided by 126.
124
What is the remainder when 7893852 is divided by 135?
132
Calculate the remainder when 36336 is divided by 4037.
3
What is the remainder when 40820772 is divided by 17?
15
Calculate the remainder when 11979025 is divided by 3992995.
40
Calculate the remainder when 69051375 is divided by 11421.
9
Calculate the remainder when 3166576 is divided by 38.
36
Calculate the remainder when 232900 is divided by 3284.
3020
Calculate the remainder when 519037 is divided by 1196.
1169
What is the remainder when 585211 is divided by 351?
94
Calculate the remainder when 19233 is divided by 866.
181
Calculate the remainder when 1210445 is divided by 7763.
7180
What is the remainder when 54188 is divided by 4432?
1004
What is the remainder when 26295938 is divided by 25?
13
Calculate the remainder when 94297208 is divided by 26.
18
Calculate the remainder when 2741399 is divided by 112.
87
Calculate the remainder when 30762470 is divided by 29.
24
What is the r